{"id":51,"date":"2018-11-30T19:56:52","date_gmt":"2018-11-30T18:56:52","guid":{"rendered":"http:\/\/kirche.m-net.de\/?page_id=51"},"modified":"2025-11-12T16:40:06","modified_gmt":"2025-11-12T15:40:06","slug":"kirchenvorstand","status":"publish","type":"page","link":"https:\/\/ev-kirche-bieberstein-dipperz.de\/?page_id=51","title":{"rendered":"Kirchenvorstand"},"content":{"rendered":"<div><\/div>\n<div id=\"content_01\" class=\"content content_paragraph\"><img fetchpriority=\"high\" decoding=\"async\" class=\"alignnone size-full wp-image-16367 aligncenter\" src=\"https:\/\/ev-kirche-bieberstein-dipperz.de\/wp-content\/uploads\/2025\/11\/neuer-KV-scaled.jpg\" alt=\"\" width=\"2560\" height=\"1444\" srcset=\"https:\/\/ev-kirche-bieberstein-dipperz.de\/wp-content\/uploads\/2025\/11\/neuer-KV-scaled.jpg 2560w, https:\/\/ev-kirche-bieberstein-dipperz.de\/wp-content\/uploads\/2025\/11\/neuer-KV-300x169.jpg 300w, https:\/\/ev-kirche-bieberstein-dipperz.de\/wp-content\/uploads\/2025\/11\/neuer-KV-800x451.jpg 800w, https:\/\/ev-kirche-bieberstein-dipperz.de\/wp-content\/uploads\/2025\/11\/neuer-KV-768x433.jpg 768w, https:\/\/ev-kirche-bieberstein-dipperz.de\/wp-content\/uploads\/2025\/11\/neuer-KV-1536x867.jpg 1536w, https:\/\/ev-kirche-bieberstein-dipperz.de\/wp-content\/uploads\/2025\/11\/neuer-KV-2048x1155.jpg 2048w, https:\/\/ev-kirche-bieberstein-dipperz.de\/wp-content\/uploads\/2025\/11\/neuer-KV-479x270.jpg 479w\" sizes=\"(max-width: 2560px) 100vw, 2560px\" \/><\/div>\n<div><\/div>\n<div><\/div>\n<div class=\"content content_paragraph\" style=\"text-align: center;\"><strong>Der aktuelle Kirchenvorstand<\/strong><\/div>\n<div><\/div>\n<div>vorne von links:<br \/>\nMarkus Knau, Celina Wagner, Matthias Maisch und Peter Gabriel.<br \/>\nDahinter (von links):<br \/>\nWolf-Walter Fietz, Nicole Stock-Milde, Silke Wagner, Daniela Spitzenberg, Anette Otto (vorne) und Caroline Kirchhoff sowie Pfr. Weber-Weigelt. Es fehlen: Simone H\u00f6hl und Uwe Bergmann.<\/div>\n<p>&nbsp;<\/p>\n<div class=\"content content_paragraph\">\n<h2>Der Kirchenvorstand leitet die Gemeinde<\/h2>\n<div class=\"content_float\">\n<p>Der Kirchenvorstand wird alle sechs Jahre von den Mitgliedern der Gemeinde gew\u00e4hlt. Er leitet die Gemeinde gemeinsam mit dem Pfarrer und in regelm\u00e4\u00dfigen Sitzungen werden Schwerpunkte des Gemeindelebens geplant und koordiniert. Zu dem Aufgabenbereich des KVs geh\u00f6rt u.a. die Kl\u00e4rung folgender Fragen:<\/p>\n<ul>\n<li>Wof\u00fcr wird das der Gemeinde zur Verf\u00fcgung stehende Geld verwendet?<\/li>\n<li>Wie kann Fundraising (Beschaffung von Geld- Sach- und Freizeitspenden sowie Kn\u00fcpfung von Partnerschaften) bei uns funktionieren?<\/li>\n<li>Werden Mitarbeiter eingestellt und wie werden sie eingesetzt?<\/li>\n<li>Welche Feste wollen wir vorbereiten und planen? Aber auch:<\/li>\n<li>Wie sieht das Leitbild unserer Gemeinde aus und wie geht gute Jugend- und Kinderarbeit?<\/li>\n<\/ul>\n<\/div>\n<\/div>\n<p>&nbsp;<\/p>\n<p>&nbsp;<\/p>\n<p>&nbsp;<\/p>\n","protected":false},"excerpt":{"rendered":"<p>Der aktuelle Kirchenvorstand vorne von links: Markus Knau, Celina Wagner, Matthias Maisch und Peter Gabriel. Dahinter (von links): Wolf-Walter Fietz, Nicole Stock-Milde, Silke Wagner, Daniela Spitzenberg, Anette Otto (vorne) und Caroline Kirchhoff sowie Pfr. Weber-Weigelt. Es fehlen: Simone H\u00f6hl und Uwe Bergmann. &nbsp; Der Kirchenvorstand leitet die Gemeinde Der Kirchenvorstand wird alle sechs Jahre von den Mitgliedern der Gemeinde gew\u00e4hlt. Er leitet die Gemeinde gemeinsam mit dem Pfarrer und in regelm\u00e4\u00dfigen Sitzungen werden Schwerpunkte des Gemeindelebens geplant und koordiniert. Zu&#8230;<\/p>\n<p class=\"read-more\"><a class=\"btn btn-default\" href=\"https:\/\/ev-kirche-bieberstein-dipperz.de\/?page_id=51\">Weiterlesen<span class=\"screen-reader-text\"> Weiterlesen<\/span><\/a><\/p>\n","protected":false},"author":1,"featured_media":0,"parent":44,"menu_order":1,"comment_status":"closed","ping_status":"closed","template":"","meta":{"_crdt_document":"","footnotes":""},"class_list":["post-51","page","type-page","status-publish","hentry"],"_links":{"self":[{"href":"https:\/\/ev-kirche-bieberstein-dipperz.de\/index.php?rest_route=\/wp\/v2\/pages\/51","targetHints":{"allow":["GET"]}}],"collection":[{"href":"https:\/\/ev-kirche-bieberstein-dipperz.de\/index.php?rest_route=\/wp\/v2\/pages"}],"about":[{"href":"https:\/\/ev-kirche-bieberstein-dipperz.de\/index.php?rest_route=\/wp\/v2\/types\/page"}],"author":[{"embeddable":true,"href":"https:\/\/ev-kirche-bieberstein-dipperz.de\/index.php?rest_route=\/wp\/v2\/users\/1"}],"replies":[{"embeddable":true,"href":"https:\/\/ev-kirche-bieberstein-dipperz.de\/index.php?rest_route=%2Fwp%2Fv2%2Fcomments&post=51"}],"version-history":[{"count":30,"href":"https:\/\/ev-kirche-bieberstein-dipperz.de\/index.php?rest_route=\/wp\/v2\/pages\/51\/revisions"}],"predecessor-version":[{"id":16371,"href":"https:\/\/ev-kirche-bieberstein-dipperz.de\/index.php?rest_route=\/wp\/v2\/pages\/51\/revisions\/16371"}],"up":[{"embeddable":true,"href":"https:\/\/ev-kirche-bieberstein-dipperz.de\/index.php?rest_route=\/wp\/v2\/pages\/44"}],"wp:attachment":[{"href":"https:\/\/ev-kirche-bieberstein-dipperz.de\/index.php?rest_route=%2Fwp%2Fv2%2Fmedia&parent=51"}],"curies":[{"name":"wp","href":"https:\/\/api.w.org\/{rel}","templated":true}]}}

<div></div>
<div id="content_01" class="content content_paragraph"><img fetchpriority="high" decoding="async" class="alignnone size-full wp-image-16367 aligncenter" src="https://ev-kirche-bieberstein-dipperz.de/wp-content/uploads/2025/11/neuer-KV-scaled.jpg" alt="" width="2560" height="1444" srcset="https://ev-kirche-bieberstein-dipperz.de/wp-content/uploads/2025/11/neuer-KV-scaled.jpg 2560w, https://ev-kirche-bieberstein-dipperz.de/wp-content/uploads/2025/11/neuer-KV-300x169.jpg 300w, https://ev-kirche-bieberstein-dipperz.de/wp-content/uploads/2025/11/neuer-KV-800x451.jpg 800w, https://ev-kirche-bieberstein-dipperz.de/wp-content/uploads/2025/11/neuer-KV-768x433.jpg 768w, https://ev-kirche-bieberstein-dipperz.de/wp-content/uploads/2025/11/neuer-KV-1536x867.jpg 1536w, https://ev-kirche-bieberstein-dipperz.de/wp-content/uploads/2025/11/neuer-KV-2048x1155.jpg 2048w, https://ev-kirche-bieberstein-dipperz.de/wp-content/uploads/2025/11/neuer-KV-479x270.jpg 479w" sizes="(max-width: 2560px) 100vw, 2560px" /></div>
<div></div>
<div></div>
<div class="content content_paragraph" style="text-align: center;"><strong>Der aktuelle Kirchenvorstand</strong></div>
<div></div>
<div>vorne von links:<br />
Markus Knau, Celina Wagner, Matthias Maisch und Peter Gabriel.<br />
Dahinter (von links):<br />
Wolf-Walter Fietz, Nicole Stock-Milde, Silke Wagner, Daniela Spitzenberg, Anette Otto (vorne) und Caroline Kirchhoff sowie Pfr. Weber-Weigelt. Es fehlen: Simone Höhl und Uwe Bergmann.</div>
<p>&nbsp;</p>
<div class="content content_paragraph">
<h2>Der Kirchenvorstand leitet die Gemeinde</h2>
<div class="content_float">
<p>Der Kirchenvorstand wird alle sechs Jahre von den Mitgliedern der Gemeinde gewählt. Er leitet die Gemeinde gemeinsam mit dem Pfarrer und in regelmäßigen Sitzungen werden Schwerpunkte des Gemeindelebens geplant und koordiniert. Zu dem Aufgabenbereich des KVs gehört u.a. die Klärung folgender Fragen:</p>
<ul>
<li>Wofür wird das der Gemeinde zur Verfügung stehende Geld verwendet?</li>
<li>Wie kann Fundraising (Beschaffung von Geld- Sach- und Freizeitspenden sowie Knüpfung von Partnerschaften) bei uns funktionieren?</li>
<li>Werden Mitarbeiter eingestellt und wie werden sie eingesetzt?</li>
<li>Welche Feste wollen wir vorbereiten und planen? Aber auch:</li>
<li>Wie sieht das Leitbild unserer Gemeinde aus und wie geht gute Jugend- und Kinderarbeit?</li>
</ul>
</div>
</div>
<p>&nbsp;</p>
<p>&nbsp;</p>
<p>&nbsp;</p>

<p>Der aktuelle Kirchenvorstand vorne von links: Markus Knau, Celina Wagner, Matthias Maisch und Peter Gabriel. Dahinter (von links): Wolf-Walter Fietz, Nicole Stock-Milde, Silke Wagner, Daniela Spitzenberg, Anette Otto (vorne) und Caroline Kirchhoff sowie Pfr. Weber-Weigelt. Es fehlen: Simone Höhl und Uwe Bergmann. &nbsp; Der Kirchenvorstand leitet die Gemeinde Der Kirchenvorstand wird alle sechs Jahre von den Mitgliedern der Gemeinde gewählt. Er leitet die Gemeinde gemeinsam mit dem Pfarrer und in regelmäßigen Sitzungen werden Schwerpunkte des Gemeindelebens geplant und koordiniert. Zu&#8230;</p>
<p class="read-more"><a class="btn btn-default" href="https://ev-kirche-bieberstein-dipperz.de/?page_id=51">Weiterlesen<span class="screen-reader-text"> Weiterlesen</span></a></p>
