{"id":7330,"date":"2024-05-31T16:16:07","date_gmt":"2024-05-31T14:16:13","guid":{"rendered":"https:\/\/ev-kirche-bieberstein-dipperz.de\/?page_id=7330"},"modified":"2026-04-09T13:58:19","modified_gmt":"2026-04-09T11:58:19","slug":"gemeindebrief","status":"publish","type":"page","link":"https:\/\/ev-kirche-bieberstein-dipperz.de\/?page_id=7330","title":{"rendered":"Gemeindebrief Auswahl"},"content":{"rendered":"\t\t<div data-elementor-type=\"wp-page\" data-elementor-id=\"7330\" class=\"elementor elementor-7330\">\n\t\t\t\t<div class=\"elementor-element elementor-element-bfffe33 e-flex e-con-boxed e-con e-parent\" data-id=\"bfffe33\" data-element_type=\"container\" data-e-type=\"container\">\n\t\t\t\t\t<div class=\"e-con-inner\">\n\t\t\t\t<div class=\"elementor-element elementor-element-c6db594 elementor-widget elementor-widget-heading\" data-id=\"c6db594\" data-element_type=\"widget\" data-e-type=\"widget\" data-widget_type=\"heading.default\">\n\t\t\t\t<div class=\"elementor-widget-container\">\n\t\t\t\t\t<h2 class=\"elementor-heading-title elementor-size-default\">Willkommen bei unserem gleichnamigen Gemeindebrief <\/h2>\t\t\t\t<\/div>\n\t\t\t\t<\/div>\n\t\t\t\t\t<\/div>\n\t\t\t\t<\/div>\n\t\t<div class=\"elementor-element elementor-element-0c2518b e-flex e-con-boxed e-con e-parent\" data-id=\"0c2518b\" data-element_type=\"container\" data-e-type=\"container\">\n\t\t\t\t\t<div class=\"e-con-inner\">\n\t\t\t\t<div class=\"elementor-element elementor-element-c2c5a0f elementor-widget elementor-widget-text-editor\" data-id=\"c2c5a0f\" data-element_type=\"widget\" data-e-type=\"widget\" data-widget_type=\"text-editor.default\">\n\t\t\t\t<div class=\"elementor-widget-container\">\n\t\t\t\t\t\t\t\t\t<p>Unser Gemeindebrief erscheint viertelj\u00e4hrlich in etwa zu Beginn der kalendarischen Jahreszeit. Hier finden Sie die letzten vier Gemeindebriefe als pdf-Dateien. Ob der ausgew\u00e4hlte Gemeindebrief nur angezeigt oder vorher heruntergeladen wird, h\u00e4ngt von Ihrem Endger\u00e4t ab.\u00a0<\/p><p>Wir bitten um Verst\u00e4ndnis daf\u00fcr, dass wir in den Internetausgaben aus Gr\u00fcnden des Personenschutzes die Gesichter von Kindern und Jugendlichen unkenntlich gemacht haben. Auch Kasualien ver\u00f6ffentlichen wir im Internet nicht.<\/p><p>Die L\u00f6sungen der R\u00e4tsel finden Sie jeweils unter dem angezeigten Gemeindebrief.\u00a0<\/p>\t\t\t\t\t\t\t\t<\/div>\n\t\t\t\t<\/div>\n\t\t\t\t\t<\/div>\n\t\t\t\t<\/div>\n\t\t<div class=\"elementor-element elementor-element-9899bfd e-flex e-con-boxed e-con e-parent\" data-id=\"9899bfd\" data-element_type=\"container\" data-e-type=\"container\">\n\t\t\t\t\t<div class=\"e-con-inner\">\n\t\t<div class=\"elementor-element elementor-element-ac33ca8 e-con-full e-flex e-con e-child\" data-id=\"ac33ca8\" data-element_type=\"container\" data-e-type=\"container\">\n\t\t\t\t<div class=\"elementor-element elementor-element-ecf72fa elementor-widget elementor-widget-image\" data-id=\"ecf72fa\" data-element_type=\"widget\" data-e-type=\"widget\" data-widget_type=\"image.default\">\n\t\t\t\t<div class=\"elementor-widget-container\">\n\t\t\t\t\t\t\t\t\t\t\t\t<figure class=\"wp-caption\">\n\t\t\t\t\t\t\t\t\t\t\t<a href=\"https:\/\/ev-kirche-bieberstein-dipperz.de\/wp-content\/uploads\/2026\/04\/Ausgabe-Internet.pdf\" target=\"_blank\">\n\t\t\t\t\t\t\t<img fetchpriority=\"high\" decoding=\"async\" width=\"564\" height=\"800\" src=\"https:\/\/ev-kirche-bieberstein-dipperz.de\/wp-content\/uploads\/2026\/04\/Titel-Ausg.-77_1-564x800.jpg\" class=\"attachment-large size-large wp-image-17444\" alt=\"\" srcset=\"https:\/\/ev-kirche-bieberstein-dipperz.de\/wp-content\/uploads\/2026\/04\/Titel-Ausg.-77_1-564x800.jpg 564w, https:\/\/ev-kirche-bieberstein-dipperz.de\/wp-content\/uploads\/2026\/04\/Titel-Ausg.-77_1-211x300.jpg 211w, https:\/\/ev-kirche-bieberstein-dipperz.de\/wp-content\/uploads\/2026\/04\/Titel-Ausg.-77_1-768x1090.jpg 768w, https:\/\/ev-kirche-bieberstein-dipperz.de\/wp-content\/uploads\/2026\/04\/Titel-Ausg.-77_1-190x270.jpg 190w, https:\/\/ev-kirche-bieberstein-dipperz.de\/wp-content\/uploads\/2026\/04\/Titel-Ausg.-77_1.jpg 800w\" sizes=\"(max-width: 564px) 100vw, 564px\" \/>\t\t\t\t\t\t\t\t<\/a>\n\t\t\t\t\t\t\t\t\t\t\t<figcaption class=\"widget-image-caption wp-caption-text\">Ausgabe 77 April 2026<\/figcaption>\n\t\t\t\t\t\t\t\t\t\t<\/figure>\n\t\t\t\t\t\t\t\t\t<\/div>\n\t\t\t\t<\/div>\n\t\t\t\t<\/div>\n\t\t<div class=\"elementor-element elementor-element-74ae708 e-con-full e-flex e-con e-child\" data-id=\"74ae708\" data-element_type=\"container\" data-e-type=\"container\">\n\t\t\t\t<div class=\"elementor-element elementor-element-a4f2391 elementor-widget elementor-widget-image\" data-id=\"a4f2391\" data-element_type=\"widget\" data-e-type=\"widget\" data-widget_type=\"image.default\">\n\t\t\t\t<div class=\"elementor-widget-container\">\n\t\t\t\t\t\t\t\t\t\t\t\t<figure class=\"wp-caption\">\n\t\t\t\t\t\t\t\t\t\t\t<a href=\"https:\/\/ev-kirche-bieberstein-dipperz.de\/wp-content\/uploads\/2025\/11\/Ausgabe-76-Internet-URL.pdf\">\n\t\t\t\t\t\t\t<img decoding=\"async\" src=\"https:\/\/ev-kirche-bieberstein-dipperz.de\/wp-content\/uploads\/2025\/11\/Titel-ausg.-76.jpg\" title=\"\" alt=\"\" loading=\"lazy\" \/>\t\t\t\t\t\t\t\t<\/a>\n\t\t\t\t\t\t\t\t\t\t\t<figcaption class=\"widget-image-caption wp-caption-text\">Ausgabe 76 Dezember 2025<\/figcaption>\n\t\t\t\t\t\t\t\t\t\t<\/figure>\n\t\t\t\t\t\t\t\t\t<\/div>\n\t\t\t\t<\/div>\n\t\t\t\t<\/div>\n\t\t<div class=\"elementor-element elementor-element-7ad00d4 e-con-full e-flex e-con e-child\" data-id=\"7ad00d4\" data-element_type=\"container\" data-e-type=\"container\">\n\t\t\t\t<div class=\"elementor-element elementor-element-a78c90b elementor-widget elementor-widget-image\" data-id=\"a78c90b\" data-element_type=\"widget\" data-e-type=\"widget\" data-widget_type=\"image.default\">\n\t\t\t\t<div class=\"elementor-widget-container\">\n\t\t\t\t\t\t\t\t\t\t\t\t<figure class=\"wp-caption\">\n\t\t\t\t\t\t\t\t\t\t\t<a href=\"https:\/\/ev-kirche-bieberstein-dipperz.de\/wp-content\/uploads\/2025\/09\/Ausgabe-75.Internet.pdf\" target=\"_blank\">\n\t\t\t\t\t\t\t<img decoding=\"async\" src=\"https:\/\/ev-kirche-bieberstein-dipperz.de\/wp-content\/uploads\/2025\/09\/Titel-Ausg.-75.jpg\" title=\"\" alt=\"\" loading=\"lazy\" \/>\t\t\t\t\t\t\t\t<\/a>\n\t\t\t\t\t\t\t\t\t\t\t<figcaption class=\"widget-image-caption wp-caption-text\">Ausgabe 75  September 2025<\/figcaption>\n\t\t\t\t\t\t\t\t\t\t<\/figure>\n\t\t\t\t\t\t\t\t\t<\/div>\n\t\t\t\t<\/div>\n\t\t\t\t<\/div>\n\t\t<div class=\"elementor-element elementor-element-54f206b e-con-full e-flex e-con e-child\" data-id=\"54f206b\" data-element_type=\"container\" data-e-type=\"container\">\n\t\t\t\t<div class=\"elementor-element elementor-element-c106a02 elementor-widget elementor-widget-image\" data-id=\"c106a02\" data-element_type=\"widget\" data-e-type=\"widget\" data-widget_type=\"image.default\">\n\t\t\t\t<div class=\"elementor-widget-container\">\n\t\t\t\t\t\t\t\t\t\t\t\t<figure class=\"wp-caption\">\n\t\t\t\t\t\t\t\t\t\t\t<a href=\"https:\/\/ev-kirche-bieberstein-dipperz.de\/?page_id=12639\">\n\t\t\t\t\t\t\t<img decoding=\"async\" width=\"527\" height=\"743\" src=\"https:\/\/ev-kirche-bieberstein-dipperz.de\/wp-content\/uploads\/2025\/05\/Titel-Ausg.-74.jpg\" class=\"attachment-large size-large wp-image-12617\" alt=\"\" srcset=\"https:\/\/ev-kirche-bieberstein-dipperz.de\/wp-content\/uploads\/2025\/05\/Titel-Ausg.-74.jpg 527w, https:\/\/ev-kirche-bieberstein-dipperz.de\/wp-content\/uploads\/2025\/05\/Titel-Ausg.-74-213x300.jpg 213w, https:\/\/ev-kirche-bieberstein-dipperz.de\/wp-content\/uploads\/2025\/05\/Titel-Ausg.-74-192x270.jpg 192w\" sizes=\"(max-width: 527px) 100vw, 527px\" \/>\t\t\t\t\t\t\t\t<\/a>\n\t\t\t\t\t\t\t\t\t\t\t<figcaption class=\"widget-image-caption wp-caption-text\">Ausgabe 74  Mai 2025<\/figcaption>\n\t\t\t\t\t\t\t\t\t\t<\/figure>\n\t\t\t\t\t\t\t\t\t<\/div>\n\t\t\t\t<\/div>\n\t\t\t\t<\/div>\n\t\t\t\t\t<\/div>\n\t\t\t\t<\/div>\n\t\t\t\t<\/div>\n\t\t","protected":false},"excerpt":{"rendered":"<p>Willkommen bei unserem gleichnamigen Gemeindebrief Unser Gemeindebrief erscheint viertelj\u00e4hrlich in etwa zu Beginn der kalendarischen Jahreszeit. Hier finden Sie die letzten vier Gemeindebriefe als pdf-Dateien. Ob der ausgew\u00e4hlte Gemeindebrief nur angezeigt oder vorher heruntergeladen wird, h\u00e4ngt von Ihrem Endger\u00e4t ab.\u00a0 Wir bitten um Verst\u00e4ndnis daf\u00fcr, dass wir in den Internetausgaben aus Gr\u00fcnden des Personenschutzes die Gesichter von Kindern und Jugendlichen unkenntlich gemacht haben. Auch Kasualien ver\u00f6ffentlichen wir im Internet nicht. Die L\u00f6sungen der R\u00e4tsel finden Sie jeweils unter dem angezeigten&#8230;<\/p>\n<p class=\"read-more\"><a class=\"btn btn-default\" href=\"https:\/\/ev-kirche-bieberstein-dipperz.de\/?page_id=7330\">Weiterlesen<span class=\"screen-reader-text\"> Weiterlesen<\/span><\/a><\/p>\n","protected":false},"author":4,"featured_media":0,"parent":4682,"menu_order":0,"comment_status":"closed","ping_status":"closed","template":"","meta":{"_crdt_document":"","footnotes":""},"class_list":["post-7330","page","type-page","status-publish","hentry"],"_links":{"self":[{"href":"https:\/\/ev-kirche-bieberstein-dipperz.de\/index.php?rest_route=\/wp\/v2\/pages\/7330","targetHints":{"allow":["GET"]}}],"collection":[{"href":"https:\/\/ev-kirche-bieberstein-dipperz.de\/index.php?rest_route=\/wp\/v2\/pages"}],"about":[{"href":"https:\/\/ev-kirche-bieberstein-dipperz.de\/index.php?rest_route=\/wp\/v2\/types\/page"}],"author":[{"embeddable":true,"href":"https:\/\/ev-kirche-bieberstein-dipperz.de\/index.php?rest_route=\/wp\/v2\/users\/4"}],"replies":[{"embeddable":true,"href":"https:\/\/ev-kirche-bieberstein-dipperz.de\/index.php?rest_route=%2Fwp%2Fv2%2Fcomments&post=7330"}],"version-history":[{"count":197,"href":"https:\/\/ev-kirche-bieberstein-dipperz.de\/index.php?rest_route=\/wp\/v2\/pages\/7330\/revisions"}],"predecessor-version":[{"id":17455,"href":"https:\/\/ev-kirche-bieberstein-dipperz.de\/index.php?rest_route=\/wp\/v2\/pages\/7330\/revisions\/17455"}],"up":[{"embeddable":true,"href":"https:\/\/ev-kirche-bieberstein-dipperz.de\/index.php?rest_route=\/wp\/v2\/pages\/4682"}],"wp:attachment":[{"href":"https:\/\/ev-kirche-bieberstein-dipperz.de\/index.php?rest_route=%2Fwp%2Fv2%2Fmedia&parent=7330"}],"curies":[{"name":"wp","href":"https:\/\/api.w.org\/{rel}","templated":true}]}}